dreds digit of 3340980?
9
What is the hundred thousands digit of 2924608?
9
What is the thousands digit of 94466?
4
What is the hundred thousands digit of 756629?
7
What is the hundred thousands digit of 6190632?
1
What is the units digit of 73032?
2
What is the hundred thousands digit of 24198533?
1
What is the ten millions digit of 12598133?
1
What is the units digit of 414474?
4
What is the ten thousands digit of 93229?
9
What is the hundred thousands digit of 773693?
7
What is the tens digit of 1685127?
2
What is the units digit of 96007?
7
What is the thousands digit of 122646?
2
What is the ten thousands digit of 2046749?
4
What is the hundred thousands digit of 564870?
5
What is the hundreds digit of 386025?
0
What is the tens digit of 465540?
4
What is the hundreds digit of 12998723?
7
What is the tens digit of 2129923?
2
What is the hundred thousands digit of 338620?
3
What is the tens digit of 104591?
9
What is the thousands digit of 1103952?
3
What is the thousands digit of 6038?
6
What is the ten thousands digit of 414831?
1
What is the millions digit of 5572721?
5
What is the millions digit of 7038907?
7
What is the units digit of 195719?
9
What is the tens digit of 5604525?
2
What is the units digit of 22580201?
1
What is the thousands digit of 2151439?
1
What is the hundred thousands digit of 596615?
5
What is the ten millions digit of 18982150?
1
What is the tens digit of 305139?
3
What is the ten thousands digit of 489396?
8
What is the hundred thousands digit of 962485?
9
What is the ten thousands digit of 2497448?
9
What is the ten thousands digit of 5573419?
7
What is the hundreds digit of 151331?
3
What is the units digit of 20943784?
4
What is the units digit of 482451?
1
What is the thousands digit of 1649226?
9
What is the ten thousands digit of 134886?
3
What is the units digit of 6064992?
2
What is the hundreds digit of 5359229?
2
What is the millions digit of 2876196?
2
What is the thousands digit of 194672?
4
What is the units digit of 19815?
5
What is the ten thousands digit of 1175766?
7
What is the hundreds digit of 762403?
4
What is the thousands digit of 58500?
8
What is the millions digit of 9679171?
9
What is the hundreds digit of 23488487?
4
What is the tens digit of 85323?
2
What is the hundred thousands digit of 829546?
8
What is the hundred thousands digit of 13711248?
7
What is the units digit of 850984?
4
What is the hundreds digit of 1341982?
9
What is the hundred thousands digit of 9816798?
8
What is the hundreds digit of 54600?
6
What is the tens digit of 5097735?
3
What is the hundred thousands digit of 17677893?
6
What is the thousands digit of 244367?
4
What is the hundreds digit of 204872?
8
What is the ten thousands digit of 306903?
0
What is the tens digit of 1503464?
6
What is the tens digit of 1414916?
1
What is the thousands digit of 1182146?
2
What is the ten thousands digit of 1541092?
4
What is the hundreds digit of 21800380?
3
What is the millions digit of 1774407?
1
What is the units digit of 28286619?
9
What is the hundreds digit of 1314232?
2
What is the hundreds digit of 63562?
5
What is the hundreds digit of 5720?
7
What is the ten thousands digit of 721049?
2
What is the hundred thousands digit of 14561988?
5
What is the tens digit of 803971?
7
What is the thousands digit of 103730?
3
What is the hundreds digit of 515500?
5
What is the hundred thousands digit of 1942904?
9
What is the units digit of 58328?
8
What is the tens digit of 126816?
1
What is the hundreds digit of 7219251?
2
What is the ten thousands digit of 120631?
2
What is the ten thousands digit of 642075?
4
What is the hundreds digit of 675662?
6
What is the tens digit of 14497053?
5
What is the hundreds digit of 1891979?
9
What is the hundreds digit of 4063522?
5
What is the hundred thousands digit of 2129587?
1
What is the tens digit of 27142446?
4
What is the units digit of 176437?
7
What is the tens digit of 1373168?
6
What is the millions digit of 2044076?
2
What is the tens digit of 1334786?
8
What is the units digit of 20054090?
0
What is the units digit of 9198210?
0
What is the ten millions digit of 15903129?
1
What is the thousands digit of 629764?
9
What is the hundred thousands digit of 219523?
2
What is the ten thousands digit of 293613?
9
What is the ten thousands digit of 5014607?
1
What is the tens digit of 890123?
2
What is the ten thousands digit of 1368829?
6
What is the ten millions digit of 36614288?
3
What is the ten thousands digit of 7584015?
8
What is the hundreds digit of 5115940?
9
What is the hundred thousands digit of 1728190?
7
What is the tens digit of 246951?
5
What is the ten thousands digit of 7684907?
8
What is the hundred thousands digit of 808951?
8
What is the thousands digit of 48036?
8
What is the hundred thousands digit of 1796784?
7
What is the units digit of 812181?
1
What is the thousands digit of 33105?
3
What is the hundred thousands digit of 202603?
2
What is the tens digit of 627982?
8
What is the hundreds digit of 7585966?
9
What is the thousands digit of 6821336?
1
What is the millions digit of 10271627?
0
What is the units digit of 550627?
7
What is the hundreds digit of 267619?
6
What is the units digit of 62969?
9
What is the ten thousands digit of 7528642?
2
What is the ten thousands digit of 23775?
2
What is the thousands digit of 3811568?
1
What is the tens digit of 2040411?
1
What is the tens digit of 1225178?
7
What is the hundred thousands digit of 3678788?
6
What is the hundreds digit of 852543?
5
What is the tens digit of 352316?
1
What is the tens digit of 21884390?
9
What is the units digit of 3610846?
6
What is the ten thousands digit of 8399024?
9
What is the ten thousands digit of 788065?
8
What is the units digit of 2971354?
4
What is the tens digit of 847581?
8
What is the ten thousands digit of 667774?
6
What is the ten thousands digit of 10597821?
9
What is the tens digit of 69241?
4
What is the millions digit of 8451893?
8
What is the thousands digit of 49253?
9
What is the millions digit of 4696169?
4
What is the millions digit of 1070316?
1
What is the ten thousands digit of 257435?
5
What is the hundreds digit of 254960?
9
What is the thousands digit of 3612947?
2
What is the units digit of 135106?
6
What is the units digit of 262650?
0
What is the ten thousands digit of 280581?
8
What is the thousands digit of 931320?
1
What is the hundreds digit of 14871?
8
What is the hundred thousands digit of 687127?
6
What is the thousands digit of 410833?
0
What is the tens digit of 1861431?
3
What is the millions digit of 1038177?
1
What is the hundreds digit of 346524?
5
What is the units digit of 80961?
1
What is the hundreds digit of 7211399?
3
What is the tens digit of 67186?
8
What is the thousands digit of 251562?
1
What is the thousands digit of 734419?
4
What is the units digit of 603592?
2
What is the hundred thousands digit of 2134207?
1
What is the thousands digit of 3940416?
0
What is the ten thousands digit of 3103626?
0
What is the thousands digit of 258198?
8
What is the millions digit of 4214195?
4
What is the units digit of 841916?
6
What is the thousands digit of 78700?
8
What is the ten thousands digit of 14392566?
9
What is the hundred thousands digit of 1673220?
6
What is the thousands digit of 245880?
5
What is the thousands digit of 3958665?
8
What is the ten thousands digit of 1881150?
8
What is the thousands digit of 122959?
2
What is the ten thousands digit of 685490?
8
What is the hundred thousands digit of 228426?
2
What is the tens digit of 508526?
2
What is the hundreds digit of 133056?
0
What is the tens digit of 246694?
9
What is the hundred thousands digit of 1496568?
4
What is the millions digit of 4363064?
4
What is the units digit of 4070727?
7
What is the hundreds digit of 129347?
3
What is the thousands digit of 3450787?
0
What is the hundred thousands digit of 355388?
3
What is the thousands digit of 10791992?
1
What is the tens digit of 4306957?
5
What is the hundred thousands digit of 967126?
9
What is the hundreds digit of 334576?
5
What is the units digit of 363500?
0
What is the ten thousands digit of 108730?
0
What is the units digit of 8200175?
5
What is the thousands digit of 2749759?
9
What is the hun